uppose 65*g = 59*g + 72. What is the highest common factor of 36 and g?
12
Suppose 4*n - 727 = -187. Let a(r) = 9*r**2 + 27*r + 54. Let l be a(-3). Calculate the highest common factor of l and n.
27
Let q(c) = 2*c**2 - c + 24. Let n(y) = -y**2 + y - 24. Let h(r) = -4*n(r) - 3*q(r). Let z be h(0). What is the greatest common divisor of 120 and z?
24
Let m = 1 + -6. Let z = m + 18. Suppose -4*y + 858 = 2*y. Calculate the highest common divisor of z and y.
13
Let p(l) = -5*l**2 - 4*l + 4. Let d be p(-4). Let u be 8/d + (-2162)/(-15). Calculate the greatest common factor of 16 and u.
16
Let u = 26 + -18. Suppose 7*t - 3*t - 8 = 0. Calculate the greatest common factor of t and u.
2
Let p(b) = 2*b**2 - 2*b + 40. Let k be p(0). Let s(m) = 0 + 5*m + 1 + 0. Let x be s(3). Calculate the greatest common factor of x and k.
8
Let l be 80*(-16)/(-8)*1/4. Suppose 5*f = 5*a + l, -f = -5*f - 4*a + 16. What is the greatest common divisor of 9 and f?
3
Suppose -53 = 2*d - k + 8, -d + 4*k - 48 = 0. Let u be -1*d/6*-3. Let w = -6 - u. Calculate the greatest common factor of w and 24.
8
Suppose 8*r + 34 = 98. Calculate the greatest common factor of r and 36.
4
Suppose 2*v - 46 = -126. Let k = v + 70. Calculate the highest common divisor of 30 and k.
30
Let o(h) = 4*h**2 + 14*h + 8. Let a be o(-11). Let j = a + -163. What is the greatest common divisor of j and 70?
35
Suppose 2 = -4*k - 2. Let c(l) = -680*l + 1. Let q be c(k). Suppose 4*o + 181 - q = 4*y, 5*o - 625 = -4*y. What is the highest common divisor of 25 and o?
25
Let o(j) be the third derivative of -j**4/6 + 2*j**3/3 - 22*j**2. Let y be o(-6). What is the highest common factor of 7 and y?
7
Suppose -50 = 3*x - 5*l, 0*l + 3*l = 4*x + 85. Let b = -27 - x. Let n be (-9)/(-3) + b + 5. What is the highest common factor of n and 66?
6
Suppose 0 = -0*w + 2*w. Suppose -t + 54 + 54 = w. Suppose 6*b + 0 = t. What is the highest common divisor of b and 9?
9
Let v(g) = g**3 + 6*g**2 + 4*g - 3. Let k be v(-4). Let x(r) = -r**2 + 74*r - 1. Let c be x(72). What is the greatest common factor of c and k?
13
Let c(r) = 48*r - 18. Let a be c(3). Calculate the highest common divisor of a and 2.
2
Let u(y) = y**2 + 4*y + 6. Let f be u(-6). Let d(r) = -r**2 - 25*r + 180. Let i be d(-25). Calculate the greatest common factor of f and i.
18
Suppose -v + 15 + 15 = 0. Let k = -42 + v. Let m be 1*(k/3 + 19). Calculate the greatest common factor of 5 and m.
5
Let o(j) = j**3 - 8*j**2 + j + 7. Let z be o(8). Let a be (-3)/2*(-200)/z. Calculate the greatest common factor of 60 and a.
20
Let p be ((-10)/6)/((-5)/15). Suppose p*f + 34 = 3*z, -1 - 5 = 3*f. Let s = -4 + 6. Calculate the greatest common factor of s and z.
2
Let h be (6/15)/(-1) + 5148/45. Calculate the highest common factor of 24 and h.
6
Let n = -17 + 17. Let r(l) = 2*l + 92. Let a be r(n). Suppose 2*s - 4*h - a = 0, -4*h = 2*s + 3*s - 160. What is the highest common divisor of s and 24?
12
Let z be (3 - (-17)/(-5)) + 11028/20. What is the greatest common divisor of z and 19?
19
Suppose -3*b + c - 11 = -82, 0 = -3*b + 5*c + 55. Let r = -19 + b. Let j = -35 - -50. Calculate the greatest common factor of r and j.
3
Let t be (24/10)/((60/(-50))/(-6)). What is the highest common factor of 4 and t?
4
Let o be (-2)/((-2)/2) + 12/(-2). Let b(p) = 4*p + 28. Let g be b(o). What is the greatest common divisor of g and 60?
12
Let m be (-34)/(1 + (-10)/9). Suppose 3*f - m = -3*f. Let p = 177 - f. What is the highest common divisor of 18 and p?
18
Let a(p) = -3*p - 4. Let r be a(-5). Let j be r/2 + 2/4. Let d be (-8)/24 + 290/j. Calculate the greatest common divisor of d and 6.
6
Let k(j) = 15*j + 7. Let w be k(3). Let s = w - 49. Calculate the greatest common divisor of 2 and s.
1
Let d = 54 + -34. Let c be 21*(-1 + 0) - 1. Let j = 42 + c. What is the greatest common factor of j and d?
20
Let l be (-7 + -3)*(5 + (-344)/40). What is the greatest common factor of 9 and l?
9
Suppose -78 = 4*m - 5*q - 201, -3*m + 4*q + 93 = 0. Calculate the highest common divisor of m and 1728.
27
Let z be ((-48)/(-18))/((-2)/(-3)). Suppose z*y - l = 84, -3*y = -3*l - l - 63. What is the highest common divisor of 105 and y?
21
Let k(z) = 2*z**3 + 3*z**2 + 3*z. Let f be k(3). Suppose 2*w + 5*o - f = 0, -4*w + 0*o + o = -158. Calculate the highest common divisor of 10 and w.
10
Let q(d) = -5*d + 7. Let z be q(1). Suppose -5*x = -3*n - 108, -5*x + z*n + 101 = -6. What is the greatest common divisor of 105 and x?
21
Suppose 2*z - 742 = -258. Let g = -9 + 31. Calculate the greatest common divisor of z and g.
22
Let a = 14 - 2. Suppose 4*y + 2*b + 0*b + 12 = 0, 2*y + 4*b = -18. Let n be 13 + (-4 - (y - 2)). What is the greatest common factor of n and a?
12
Suppose 0 = -5*i + 4*y + 6, -y + 0 = i - 3. Suppose 4*u = 25 + 103. Calculate the highest common divisor of i and u.
2
Suppose 0 = 4*z + 3*m - 414, -z - 2*m + 106 = -0*z. What is the greatest common factor of z and 340?
34
Let w = -349 - -824. Calculate the highest common factor of w and 5.
5
Let d be 27 - ((-3 - 1) + 7). Calculate the highest common divisor of 40 and d.
8
Let q(t) = 8*t**3 + t**2 + 2*t + 1. Let a be q(-1). Let w(g) = 2*g**2 + 4*g - 16. Let b be w(a). What is the highest common divisor of b and 16?
16
Suppose 12 - 48 = -6*d. Let o be 15/(-45) + (62/d - 1). Suppose -8 = 4*w, 0 = -2*f - 5*w + 2*w + 120. What is the greatest common factor of f and o?
9
Let w = 981 - 626. Calculate the greatest common factor of 781 and w.
71
Let t be 0 + 1 + (2 - -81). Suppose -3*o = -15, -10*o + 29 = 2*s - 9*o. Calculate the highest common factor of s and t.
12
Let h = 32 - 184. Let a = -60 - h. Let z be a - ((-1 - -4) + -6). What is the highest common factor of z and 38?
19
Suppose 4*q - 122 = 510. Suppose -3*x - q + 419 = 3*d, 5*x = 0. Calculate the highest common factor of d and 58.
29
Suppose v - 42 = -d, 5*v = 61*d - 56*d - 170. Let b = -503 + 769. Calculate the highest common divisor of b and d.
38
Suppose -2*s = -4, -5*c - 3*s + 244 = -s. Let z = 80 - c. What is the highest common factor of z and 96?
32
Let i(q) = -5*q - 12. Suppose 0 = -4*m - 0*m - 24. Let h be i(m). Let y be ((-12)/(-10))/(h/60). What is the highest common divisor of 20 and y?
4
Let q = 913 + -820. Calculate the greatest common divisor of q and 651.
93
Let o(h) = 3*h**2 - 1. Let s be o(1). Let n be 3 - 12/(s - -2). Suppose 0 = 3*k - 36 - n. Calculate the greatest common divisor of k and 48.
12
Let q(d) = 23*d + 722. Let n be q(36). Calculate the greatest common divisor of 62 and n.
62
Let k(y) = y**3 + 15*y**2 + y + 49. Let j be k(-15). What is the highest common divisor of 102 and j?
34
Let k(t) = -8*t**2 + 2*t - 13. Let q(x) = -x**2 - 1. Let m(r) = k(r) - 6*q(r). Let b be m(4). Let s = b + 49. What is the highest common divisor of 162 and s?
18
Let l = -7 + 8. Let d = -532 - -533. What is the greatest common divisor of l and d?
1
Let p = -18 + 25. Suppose 6*l + 7 = p*l. Let y be (-141)/(-21) + 2/l. Calculate the highest common divisor of y and 35.
7
Let f(p) = -p**2 + 3*p + 41. Let j be f(0). Calculate the highest common factor of j and 697.
41
Let m = -45 - -63. Suppose -4*i - m = -42. Let t be -4*(3/(-2))/3. What is the greatest common factor of t and i?
2
Let o = 648 - 312. What is the highest common divisor of 12 and o?
12
Suppose -156*d = -150*d - 1488. Let y be (-831)/(-27) - 2/(-9). What is the greatest common divisor of d and y?
31
Let y(u) = 1790*u**2 - 3*u + 1. Let m be y(1). What is the greatest common factor of m and 12?
12
Let a = 23 - -81. Suppose -164 = -4*d - a. Suppose 3*t - 90 = t. What is the highest common factor of t and d?
15
Let v = 798 - 454. What is the highest common factor of v and 473?
43
Suppose 5*g - 107 = -4*k, -5*k - 5*g + 77 + 58 = 0. Let c = -71 + 99. Calculate the highest common factor of c and k.
28
Suppose -3*j + 56 = 4*l, -j + 4*l - 6 = 2. Suppose 3*x = -3*k - 14 + 38, -4*x = -4*k - 32. Suppose 4 = 3*c - x. What is the greatest common divisor of j and c?
4
Let v(o) = 10*o**2 - 7*o + 6. Let q be v(-2). What is the highest common divisor of q and 480?
60
Let b be (-4)/(2/(2/1)). Let c be (-22)/b*(-4 - -14). What is the highest common divisor of 5 and c?
5
Suppose -755 = 10*g - 2845. What is the highest common factor of 11 and g?
11
Suppose -2*n